. Calculate the remainder when 275 is divided by h.
30
Let p(s) = 5*s + 91. What is the remainder when 433 is divided by p(10)?
10
Let y be ((-1 - -1) + -14)*5. Let x = 15 + y. Let c = -37 - x. Calculate the remainder when 70 is divided by c.
16
Let w(p) = -73*p + 294. Calculate the remainder when w(-5) is divided by 8.
3
Let q = -8375 + 8410. What is the remainder when 167 is divided by q?
27
Let i = 16 - 12. Let c(m) = -2*m**2 + 8*m - 4. Calculate the remainder when c(2) is divided by i.
0
Suppose -2*b - 3*b + 380 = 0. Let j(i) = -24*i**3 + i - 3 + 10 - 31*i**3 - 4*i**2 + 54*i**3. What is the remainder when b is divided by j(-5)?
22
Suppose -10 = 2*o - 34. Let a(i) = 7*i - 67. Let x be a(-17). Calculate the remainder when 153 is divided by (o/9 - 2)*x/4.
29
Let y be 0 + (-3 - -1105) - 2. Suppose -14*g + 9*g + y = 0. What is the remainder when (g/16 - 3)*(0 + 4) is divided by 22?
21
Let z(d) = -83*d**2 + 107*d - 2. What is the remainder when 2086 is divided by z(1)?
18
Let r(o) = -o**3 - 7*o**2 + 2*o + 32. Suppose -3*z + 2*m + 67 = 0, -8*z + 9*z - 3*m - 27 = 0. Calculate the remainder when r(-8) is divided by z.
17
Let q(u) = -u**3 + 23*u**2 - 39*u - 47. Let a be q(21). Suppose -47*b - a = -49*b. What is the remainder when b is divided by 5?
3
Suppose 13*y - 9288 = -42*y - 31*y. What is the remainder when 235 is divided by y?
19
Suppose 500 = 4*m - 596. Let j(p) = -18*p - 1152. Calculate the remainder when m is divided by j(-68).
58
Let a = 84 - -21. Let o be (-4 - 1) + (-3504)/(-24). Suppose -4*t - t + 3*m = -o, 0 = -t - 2*m + 23. What is the remainder when a is divided by t?
24
Let j(b) = -28*b - 67. What is the remainder when 742 is divided by j(-3)?
11
Let x(m) be the second derivative of 0 - 1/3*m**3 - 8*m + 9/2*m**2. Calculate the remainder when 29 is divided by x(-3).
14
Let o = 6880 + -6874. Calculate the remainder when 50 is divided by o.
2
Let b = -2 + 10. Let u(t) = -5*t**2 + 21*t - 25. Let v(p) = 6*p**2 - 22*p + 26. Let o(r) = -5*u(r) - 4*v(r). What is the remainder when b is divided by o(16)?
3
Suppose -1770 = -1766*c + 1751*c. What is the remainder when c is divided by 41?
36
Suppose -15*c = -2*y - 11*c + 58, 59 = 3*y + c. Suppose -x + 4 + y = -3*r, 3*x + r - 95 = 0. Calculate the remainder when 90 is divided by x.
28
Let c(p) = 11 - 36*p + 4 + 35*p. Let i be c(-8). Suppose -r - 3*a + i = -5, 2*a - 60 = -2*r. Calculate the remainder when r is divided by 16.
15
Suppose -m = -7*s + 2388, 0 = -61*s + 58*s + 5*m + 996. What is the remainder when s is divided by 87?
81
Let q(l) = 40*l**2 - 122*l - 232. Calculate the remainder when 4296 is divided by q(-2).
168
Let v = 26471 + -26336. Calculate the remainder when 541 is divided by v.
1
Let l = -53 + 87. What is the remainder when -29 - (19 + -99 - -18) is divided by l/(-2)*(0 + -1)?
16
Let i(c) = -212*c - 34. What is the remainder when i(-2) is divided by 28?
26
Let a(l) = l**2 + 7*l + 9. Let b be a(-11). Let r = b + -86. Let h = 37 + r. Calculate the remainder when 7 is divided by h.
3
Let s = -15 + -332. Let q = s - -416. What is the remainder when q is divided by 19?
12
Calculate the remainder when (0 - -1 - 215)*(180/10 - 19) is divided by 52.
6
Let m be (-8)/10 + 290/50. Suppose -5*y - 25 = k, 2*y - 10 = m*k + 4*y. Suppose k = -35*w + 32*w + 135. What is the remainder when w is divided by 12?
9
Let t = -28 - 269. Let z = 311 + t. What is the remainder when 879 is divided by z?
11
Let h = -819 - -1563. What is the remainder when h is divided by 9?
6
Let m = -204 - -250. Suppose -32*r + m*r - 406 = 0. Suppose 0 = 2*h - 13 + 3. Calculate the remainder when r is divided by h.
4
Suppose 0 = y - 5*s - 122 - 153, 3*y - 3*s - 825 = 0. Let a = -30 - -49. Calculate the remainder when (4/4)/(5/y) is divided by a.
17
Let x = -521 + 522. What is the remainder when 227 is divided by -228*(-2 + x/(-3) - -2)?
75
Let v = 2232 + -1792. Suppose 10*u + 18 = 358. Calculate the remainder when v is divided by u.
32
Suppose -3766 = -4*w - 194. Suppose 0 = 3*x - 7*o + 2*o - w, 2*x + 5*o = 562. Calculate the remainder when x is divided by 49.
46
Suppose 0 = -3*r - 5*j - 237, 5*j + 163 = 2*r - 4*r. Let m = r - -89. Calculate the remainder when 1*64 - (-3 - 0) is divided by m.
7
Let x = -17 - -52. Let q = x - 30. Calculate the remainder when (1/(-2))/(6/(-144)) is divided by q.
2
Let a = 6343 - 6223. Calculate the remainder when 757 is divided by a.
37
Let x(h) = 211*h + 40. What is the remainder when x(3) is divided by 118?
83
Let j(s) = 39*s - 212. Let w(r) = 40*r - 211. Let t(i) = -4*j(i) + 5*w(i). Calculate the remainder when 1 + (-62)/((-3)/3) is divided by t(5).
11
Suppose -2*z + 113 = 5*v, 5*z + 9 = -v + 4. What is the remainder when 62 is divided by v?
12
Let i(x) = -4*x + 258. Calculate the remainder when i(-36) is divided by 110.
72
Let y = -417 - -421. Suppose -y*j + 2322 = 2*r, -18*j + 19*j - 573 = -3*r. What is the remainder when j is divided by 73?
71
Let z(b) = 4*b**2 + 10*b + 18. Suppose u - 7 - 53 = 0. Calculate the remainder when u is divided by z(-3).
12
Let z(y) = -317*y + 13771. What is the remainder when z(42) is divided by 84?
37
Suppose 4*u - 5*u = -117. Suppose 4*q - 82 = 5*o + 72, u = -4*o - 3*q. What is the remainder when ((-804)/o)/(4/10) is divided by 14?
11
Suppose -4*q - 436 = 5*x + 76, -q = 2*x + 125. Let u = q - -278. What is the remainder when u is divided by 72?
1
Let m(i) = 6*i - 1. Let z(k) = -65*k**2 - 2015*k + 4. What is the remainder when m(6) is divided by z(-31)?
3
Let p = 35229 - 32980. Calculate the remainder when p is divided by 41.
35
Let c(a) = 15*a + 5*a - 12*a - 35 + 7*a. What is the remainder when c(5) is divided by 16?
8
Suppose 49*z = 55*z + 378. Let c = -42 - z. Calculate the remainder when c is divided by 17.
4
Suppose -3*k - 61 = -4*d, -2*k + 63 = 5*d - 42. What is the remainder when 730 is divided by d?
8
Let d = 147449 + -147422. Let a(n) = 14*n**2 - n. What is the remainder when d is divided by a(-1)?
12
Let x(h) = 244*h**2 + 12*h + 36. Let t be x(16). Let q be (-4)/22 + t/(-44). Calculate the remainder when (-40)/(-6)*q/(-76) is divided by 14.
13
Let v(d) = -224*d**3 + 2*d**2 + 2*d + 1. Let c be v(-1). Suppose -3*n + c = 2*n. Suppose -22 = -106*y + 720. What is the remainder when n is divided by y?
3
Suppose -54*r + 13835 - 3995 = 69*r. Calculate the remainder when 91 is divided by r.
11
Suppose 0 = -2*s + 5*o + 517 + 76, 0 = 4*s - 2*o - 1226. Calculate the remainder when s is divided by 18.
3
Let q(n) = -3*n - 6. Let s be q(-2). Suppose s = 15*i - 5*i - 740. What is the remainder when i is divided by 21?
11
Suppose 10*c + 5642 = 21672. What is the remainder when c is divided by 62?
53
Suppose 78 - 74 = 4*i, -468 = -2*j - 4*i. Calculate the remainder when j is divided by 26.
24
Let c = 9155 - 9162. Let o = -4 - -1. What is the remainder when 83 is divided by -4*c/(-84) - 43/o?
13
Let l(p) be the third derivative of p**5/30 + p**4/3 + 35*p**3/6 - p**2 - 59. Calculate the remainder when l(-16) is divided by 42.
41
Suppose -8 = -3*x + 4. Suppose -i + x = 0, 5*g - 3*i - 8 = 3*g. Let f = 83 + -46. Calculate the remainder when f is divided by g.
7
Suppose a + 41 = z, -4*a - 2*z - 46 = 112. Let d = 32 - a. Calculate the remainder when d is divided by 31.
10
Let z(x) = -2*x**3 + 3*x**2 - 5*x - 14. Calculate the remainder when 381 is divided by z(-2).
21
Suppose -7*v + 31 = -4*v - 4*j, -5*v - 2*j = -69. What is the remainder when 591 is divided by v?
6
Suppose -2*f = -f - 7. Suppose -16 = 3*o - f*o, 2*d + 4*o + 166 = 0. Let k = d - -152. What is the remainder when k is divided by 21?
19
Suppose -5*h = -342 + 152 - 325. Calculate the remainder when h is divided by 33.
4
Suppose 3700 = -7*f + 11400. What is the remainder when f is divided by 17?
12
Suppose 593 = -4*l + 39*l - 597. Calculate the remainder when -2 - 2*(-198)/4 is divided by l.
29
Let z(q) = q**2 + 3*q + 3. Let h(s) = s**2 - 96*s + 1624. Calculate the remainder when h(79) is divided by z(6).
53
Suppose -j = 0, 2*y - 5*j + 10 = -3*y. Let h be 1/(-2) - 1*1/y. Suppose -n + 17 = -r - 7, 4*r + 16 = h. Calculate the remainder when n is divided by 4.
0
Let h(n) = -35*n + 3084. Calculate the remainder when h(70) is divided by 29.
25
Let r = -735 - -114. Let l = 726 + r. What is the remainder when l 